n divisor of 269 and 49812613?
269
Calculate the highest common divisor of 1835078818 and 263.
263
What is the greatest common factor of 9216 and 4979328?
384
What is the highest common divisor of 479287170 and 7630?
1090
What is the greatest common factor of 548142 and 143982?
2526
Calculate the greatest common factor of 197942950 and 23984.
2998
What is the greatest common divisor of 74165133 and 8924?
2231
Calculate the highest common factor of 4122553 and 1189.
29
What is the highest common divisor of 2425 and 498267175?
2425
Calculate the greatest common divisor of 68755472 and 1480.
296
What is the highest common divisor of 2115 and 5165253?
423
Calculate the greatest common factor of 1296332258 and 52.
26
What is the highest common divisor of 50941 and 401236?
121
What is the greatest common factor of 2456 and 584728?
8
What is the greatest common divisor of 210 and 555800910?
210
Calculate the highest common factor of 3205284 and 552.
12
Calculate the highest common divisor of 7 and 21212513.
7
What is the highest common factor of 133 and 11708123?
133
What is the highest common divisor of 131 and 14611216?
131
What is the highest common divisor of 330 and 10754832?
66
Calculate the greatest common divisor of 16123347 and 24885.
711
Calculate the highest common divisor of 13632139 and 51367.
1657
What is the greatest common factor of 61 and 1384845424?
61
What is the greatest common factor of 41472 and 6094080?
2304
What is the highest common divisor of 7112 and 22659213?
127
What is the greatest common factor of 6200240 and 7191?
799
Calculate the highest common factor of 236 and 3736883.
59
Calculate the greatest common factor of 14676204 and 29.
29
What is the highest common factor of 1584 and 1810800?
144
What is the highest common divisor of 10724 and 5957948?
1532
Calculate the highest common factor of 24760 and 134319905.
3095
Calculate the highest common divisor of 135494 and 808043.
37
Calculate the greatest common factor of 603036084 and 84.
84
What is the highest common factor of 8382 and 4335018?
762
What is the highest common factor of 33 and 53694861?
33
Calculate the greatest common divisor of 927745 and 11765.
65
What is the highest common divisor of 1212 and 63085004?
404
Calculate the greatest common factor of 12 and 782575170.
6
What is the highest common divisor of 26982 and 1764?
18
Calculate the greatest common divisor of 22041790 and 20540.
790
What is the highest common factor of 209 and 192712649?
19
What is the highest common divisor of 55 and 2177164?
11
Calculate the highest common divisor of 1250403 and 11.
11
Calculate the greatest common factor of 2096 and 10145426.
262
What is the highest common divisor of 860256 and 274464?
288
Calculate the highest common factor of 822666 and 30.
6
What is the greatest common divisor of 868 and 585676?
28
What is the highest common factor of 66 and 7768486?
22
What is the greatest common factor of 14703 and 172521?
87
What is the highest common divisor of 421251128 and 304?
152
What is the greatest common divisor of 29795 and 12135?
5
Calculate the highest common divisor of 58688 and 27419.
7
Calculate the highest common factor of 54994 and 6634.
62
What is the highest common factor of 45034 and 18460398?
506
What is the greatest common divisor of 645 and 324908?
43
What is the greatest common divisor of 248704437 and 166?
83
What is the highest common factor of 650 and 291392790?
130
What is the highest common divisor of 9611 and 10612?
7
Calculate the greatest common factor of 24039 and 288.
9
Calculate the greatest common divisor of 906 and 507534405.
453
What is the highest common divisor of 446 and 234769?
1
Calculate the highest common divisor of 19859 and 859886189.
2837
What is the greatest common divisor of 1793527944 and 468?
156
What is the greatest common factor of 62573 and 1421?
49
Calculate the highest common factor of 744 and 1161852.
12
Calculate the greatest common factor of 83466 and 12294.
18
Calculate the highest common divisor of 650601 and 44451.
4041
What is the greatest common divisor of 156501552 and 80?
16
Calculate the greatest common factor of 37048 and 190625853.
4631
What is the greatest common divisor of 643281940 and 7?
7
What is the highest common divisor of 3695016 and 4759064?
7288
Calculate the highest common factor of 643570 and 10699930.
4630
Calculate the highest common divisor of 34 and 5809954.
34
What is the highest common factor of 7965243 and 104?
13
Calculate the highest common factor of 1080 and 3504520.
40
Calculate the highest common divisor of 1137 and 549929.
379
What is the highest common factor of 118236 and 505217?
59
What is the highest common factor of 351 and 364131?
9
What is the greatest common factor of 1576 and 937523?
197
What is the highest common factor of 955268846 and 28?
14
Calculate the highest common divisor of 71371 and 5819371.
479
Calculate the greatest common divisor of 457761 and 124656.
159
Calculate the highest common divisor of 73190802 and 6.
6
Calculate the greatest common factor of 133 and 233895719.
19
What is the highest common factor of 1128 and 25376898?
282
Calculate the highest common factor of 87 and 236937018.
87
What is the highest common factor of 80 and 352195?
5
What is the highest common divisor of 14634 and 477502?
542
Calculate the highest common factor of 91776 and 97751.
239
Calculate the highest common divisor of 255 and 11780677.
17
Calculate the greatest common divisor of 3113404385 and 6370.
3185
Calculate the highest common divisor of 2652 and 8773683.
51
What is the highest common divisor of 6165 and 5108319?
1233
What is the highest common divisor of 2578348190 and 110?
110
What is the highest common divisor of 125 and 62555?
5
Calculate the greatest common factor of 348234700 and 1100.
1100
Calculate the greatest common factor of 26691423 and 132.
33
Calculate the highest common divisor of 512699 and 889.
127
Calculate the highest common factor of 18827373 and 1293.
1293
What is the greatest common divisor of 72203344 and 654?
218
Calculate the highest common factor of 1743 and 67490703.
1743
What is the highest common divisor of 250903 and 1003?
17
What is the greatest common divisor of 39083 and 9280436?
3553
What is the greatest common divisor of 36451010 and 10?
10
What is the highest common divisor of 152820 and 340740?
540
What is the greatest common divisor of 115 and 452748560?
115
Calculate the greatest common divisor of 2152289 and 13118.
937
What is the highest common divisor of 1359024 and 58374?
138
Calculate the greatest common divisor of 61565659 and 31.
31
Calculate the highest common factor of 76165920 and 5760.
1440
Calculate the greatest common factor of 105089965 and 10.
5
What is the highest common factor of 837859 and 308?
11
Calculate the highest common divisor of 719764 and 193846.
206
Calculate the highest common factor of 1232 and 1765568.
112
Calculate the highest common factor of 112 and 10360287.
7
Calculate the highest common divisor of 8850 and 10515039.
177
Calculate the greatest common factor of 2110 and 2329469540.
2110
What is the highest common factor of 64305 and 14139?
9
What is the highest common factor of 1255208 and 584?
8
What is the greatest common divisor of 287756 and 148395100?
6692
Calculate the greatest common divisor of 1296944 and 3344.
176
Calculate the greatest common divisor of 163682464 and 154.
22
What is the highest common factor of 4568025 and 550?
275
Calculate the greatest common divisor of 39 and 1646397.
3
What is the highest common factor of 1311322 and 33350?
1334
What is the greatest common factor of 109667844 and 104?
52
What is the highest common divisor of 35140 and 944011?
251
Calculate the greatest common divisor of 155520 and 4265136.
3888
Calculate the greatest common factor of 58931 and 3937.
31
What is the highest common divisor of 8401 and 64635?
31
What is the highest common factor of 59346 and 143888616?
8478
What is the highest common divisor of 12720 and 880053552?
2544
What is the greatest common factor of 618169590 and 8595?
8595
What is the greatest common divisor of 1785825 and 116400?
75
Calculate the highest common divisor of 22 and 246322109.
11
Calculate the greatest common di